digit of 605578731?
6
What is the tens digit of 123906560?
6
What is the ten millions digit of 133417532?
3
What is the hundreds digit of 91623460?
4
What is the ten millions digit of 845986906?
4
What is the ten millions digit of 107946910?
0
What is the hundred thousands digit of 206698391?
6
What is the hundred thousands digit of 66072870?
0
What is the thousands digit of 800232861?
2
What is the hundred thousands digit of 43774898?
7
What is the hundreds digit of 203098012?
0
What is the millions digit of 104113846?
4
What is the millions digit of 2665919515?
5
What is the hundred thousands digit of 349591879?
5
What is the tens digit of 1030016570?
7
What is the ten millions digit of 742394390?
4
What is the hundred thousands digit of 24474995?
4
What is the hundred thousands digit of 227648651?
6
What is the hundred thousands digit of 3064607002?
6
What is the millions digit of 59285223?
9
What is the ten thousands digit of 63535701?
3
What is the millions digit of 76479445?
6
What is the millions digit of 74329612?
4
What is the hundred thousands digit of 169424534?
4
What is the ten millions digit of 2228387040?
2
What is the hundred millions digit of 915715923?
9
What is the ten thousands digit of 981082343?
8
What is the thousands digit of 5211242?
1
What is the units digit of 1301966193?
3
What is the ten millions digit of 6268334982?
6
What is the ten thousands digit of 141563187?
6
What is the hundred thousands digit of 213276358?
2
What is the hundred millions digit of 2697677942?
6
What is the ten millions digit of 1868704751?
6
What is the tens digit of 4999825111?
1
What is the hundred millions digit of 4948445054?
9
What is the ten millions digit of 17186399?
1
What is the hundred thousands digit of 50305994?
3
What is the hundred thousands digit of 182322873?
3
What is the thousands digit of 231592909?
2
What is the ten millions digit of 1143885090?
4
What is the ten millions digit of 187889119?
8
What is the hundred thousands digit of 330257978?
2
What is the millions digit of 301022780?
1
What is the millions digit of 1267082456?
7
What is the hundreds digit of 399349?
3
What is the hundred millions digit of 120309886?
1
What is the millions digit of 162878765?
2
What is the ten thousands digit of 1046026188?
2
What is the tens digit of 458052106?
0
What is the millions digit of 506205246?
6
What is the hundred thousands digit of 149018766?
0
What is the tens digit of 1436224108?
0
What is the thousands digit of 987934604?
4
What is the ten thousands digit of 1912908646?
0
What is the thousands digit of 1078391109?
1
What is the tens digit of 378730068?
6
What is the thousands digit of 16072762?
2
What is the thousands digit of 506159752?
9
What is the tens digit of 104880985?
8
What is the hundreds digit of 817285280?
2
What is the billions digit of 1322742437?
1
What is the millions digit of 89410813?
9
What is the ten thousands digit of 963232858?
3
What is the ten thousands digit of 611082143?
8
What is the hundred millions digit of 656312250?
6
What is the hundred millions digit of 195190403?
1
What is the hundred thousands digit of 47868386?
8
What is the billions digit of 2331429197?
2
What is the millions digit of 1958127579?
8
What is the hundred thousands digit of 2697207863?
2
What is the ten thousands digit of 602487204?
8
What is the tens digit of 42102366?
6
What is the millions digit of 34721545?
4
What is the millions digit of 23145259?
3
What is the units digit of 63244285?
5
What is the ten millions digit of 1964793196?
6
What is the tens digit of 342666420?
2
What is the ten thousands digit of 393780850?
8
What is the ten thousands digit of 53715802?
1
What is the billions digit of 1184181086?
1
What is the tens digit of 64398542?
4
What is the ten thousands digit of 1418228084?
2
What is the tens digit of 63701582?
8
What is the tens digit of 100110560?
6
What is the hundred millions digit of 434936369?
4
What is the hundred millions digit of 280232331?
2
What is the units digit of 106023106?
6
What is the hundreds digit of 65557637?
6
What is the thousands digit of 795671270?
1
What is the hundred millions digit of 193411280?
1
What is the units digit of 28548358?
8
What is the hundred millions digit of 978883327?
9
What is the hundred millions digit of 6137590133?
1
What is the tens digit of 35249479?
7
What is the tens digit of 116802690?
9
What is the hundred millions digit of 7337248129?
3
What is the ten millions digit of 3149046448?
4
What is the billions digit of 5602944230?
5
What is the hundreds digit of 69483418?
4
What is the thousands digit of 68654419?
4
What is the thousands digit of 4319065285?
5
What is the tens digit of 47655537?
3
What is the units digit of 1598901234?
4
What is the millions digit of 22713645?
2
What is the ten thousands digit of 975814685?
1
What is the thousands digit of 3821340392?
0
What is the ten thousands digit of 991005110?
0
What is the units digit of 2698206999?
9
What is the ten millions digit of 4261053361?
6
What is the hundred thousands digit of 4826031791?
0
What is the tens digit of 7005699419?
1
What is the hundred thousands digit of 57829131?
8
What is the billions digit of 1355307664?
1
What is the units digit of 23328981?
1
What is the ten millions digit of 316125512?
1
What is the ten millions digit of 3121115348?
2
What is the millions digit of 2593979684?
3
What is the millions digit of 44709258?
4
What is the thousands digit of 684564489?
4
What is the ten millions digit of 282198109?
8
What is the ten millions digit of 314134885?
1
What is the millions digit of 614215449?
4
What is the hundred thousands digit of 1854226230?
2
What is the hundreds digit of 26581487?
4
What is the hundreds digit of 522060078?
0
What is the tens digit of 1988241468?
6
What is the hundred millions digit of 609517407?
6
What is the millions digit of 165144556?
5
What is the tens digit of 63116846?
4
What is the units digit of 559020647?
7
What is the units digit of 5147804?
4
What is the tens digit of 908709303?
0
What is the millions digit of 93852540?
3
What is the millions digit of 387989000?
7
What is the tens digit of 102184588?
8
What is the units digit of 820945152?
2
What is the ten thousands digit of 33131558?
3
What is the hundreds digit of 1370450470?
4
What is the tens digit of 3411833?
3
What is the tens digit of 5550888159?
5
What is the units digit of 529191092?
2
What is the units digit of 45997795?
5
What is the ten thousands digit of 76820970?
2
What is the thousands digit of 136477615?
7
What is the tens digit of 193848018?
1
What is the hundreds digit of 80806326?
3
What is the hundreds digit of 174658609?
6
What is the ten millions digit of 226903157?
2
What is the tens digit of 79796857?
5
What is the hundred thousands digit of 47578713?
5
What is the ten thousands digit of 17733014?
3
What is the thousands digit of 94595398?
5
What is the thousands digit of 439704012?
4
What is the hundred millions digit of 155336537?
1
What is the ten millions digit of 75076923?
7
What is the ten thousands digit of 38425805?
2
What is the ten thousands digit of 376090032?
9
What is the ten millions digit of 12079356?
1
What is the ten thousands digit of 35900334?
0
What is the ten millions digit of 36522517?
3
What is the hundred millions digit of 4499610840?
4
What is the ten thousands digit of 5080259551?
5
What is the units digit of 46573849?
9
What is the hundreds digit of 23758009?
0
What is the units digit of 807422519?
9
What is the tens digit of 480993616?
1
What is the hundreds digit of 190353149?
1
What is the ten millions digit of 23545837?
2
What is the ten millions digit of 26354320?
2
What is the hundred thousands digit of 365403725?
4
What is the hundred thousands digit of 158188115?
1
What is the hundreds digit of 721402359?
3
What is the hundred millions digit of 1131256533?
1
What is the tens digit of 958470?
7
What is the ten thousands digit of 8938041?
3
What is the millions digit of 226619779?
6
What is the millions digit of 82465630?
2
What is the ten thousands digit of 223878590?
7
What is the hundreds digit of 66898833?
8
What is the ten thousands digit of 358507235?
0
What is the tens digit of 1195255662?
6
What is the ten thous